-96 - -200. What is the highest common factor of j and o?
13
Suppose -4*i = 3*n - 8*i - 1037, i = -n + 341. Calculate the highest common factor of 7 and n.
7
Let q = -1908 + 1944. Let i(f) = f**2 - 5*f - 2. Suppose 6 = u - 0*u. Let b be i(u). Calculate the greatest common divisor of b and q.
4
Suppose 3*l = 2*l + 2*n + 141, -5*n = -4*l + 567. Let d = 4 + 28. Suppose -5*b + t + 32 + d = 0, 3*b - 40 = -t. What is the greatest common factor of b and l?
13
Let w = 64 - 52. Let g = w + 16. Calculate the highest common divisor of 7 and g.
7
Let l be 7 + (-16)/4 + 3. Suppose 3*k - 5*k = -48. Suppose k = 4*o - 0*o. What is the greatest common divisor of o and l?
6
Let q(t) be the third derivative of -t**5/60 + 19*t**4/24 + 65*t**3/6 - 45*t**2. Let w be q(20). Calculate the highest common divisor of 60 and w.
15
Let v be (-6)/27*3 + (-1422)/(-27). Let p = 5 - 1. Suppose p + 2 = -3*f, -u - 4*f + 5 = 0. What is the highest common divisor of u and v?
13
Let w(i) be the second derivative of -i**4/12 + 3*i**3/2 - 4*i**2 + 4*i. Let c be w(5). What is the greatest common factor of c and 9?
3
Suppose -2*i + 160 = 2*x, -5*x - i + 406 = -2*i. Let p be ((-2)/6)/((-3)/x). Calculate the highest common divisor of p and 63.
9
Suppose 0 = 5*c + 4*r - 238, 0 = 2*c - c - 3*r - 40. Let k = c + -42. What is the greatest common divisor of k and 4?
4
Suppose -2*h + 227 - 125 = 0. What is the greatest common divisor of 629 and h?
17
Let c(q) = -2*q**3 - 22*q**2 + 41*q + 35. Let a be c(-14). What is the greatest common factor of a and 273?
91
Let r(t) = -14*t + 9. Let q be r(8). Let k = q + 116. What is the greatest common divisor of k and 169?
13
Suppose 0 = h - 4*k - 7, 51*h + 5*k - 4 = 48*h. Calculate the highest common factor of 201 and h.
3
Let x = -221 - -221. Suppose 2 = 3*n - 4. Suppose -5*u + 5*t + 9 + 91 = x, 100 = 5*u - n*t. What is the greatest common divisor of 20 and u?
20
Let c(x) = -x**3 + 17*x**2 - 4*x - 22. Let y be c(11). Suppose -3*n - 336 = -2*a, -4*a + y = 2*n - 5*n. What is the greatest common factor of 36 and a?
18
Let n(x) = 2*x + 24. Let s be n(0). Suppose -4*r + 9 + 11 = 0. Suppose -2*c = r*o - 114 - 11, -c + o + 59 = 0. What is the highest common divisor of c and s?
12
Suppose -f = -4*z - 95, 2*z + 3*z = 5*f - 445. Let y be (-21)/(-35) - f/(-5). Let h be (-8)/(48/(-81))*2. Calculate the greatest common divisor of h and y.
9
Let p = -1309 + 3127. Calculate the highest common divisor of p and 18.
18
Let j = 3 - 13. Let q = -2 - j. Let i = 16 + 0. What is the highest common factor of i and q?
8
Let g be ((-134)/2 - 0)/(-1). Suppose 305 = 4*x - 203. Let t = x - g. Calculate the highest common factor of t and 24.
12
Let q(y) = y - 4 + y - 4*y + 0*y. Let v be q(-10). Let r = v + -5. What is the highest common divisor of 88 and r?
11
Let p be (-12)/(-10)*((-156)/(-9) + -4). What is the greatest common divisor of 400 and p?
16
Suppose 4*n + 40 = 148. Suppose 0 = 4*j + 3 - n. Let z(m) = 6*m + 6. Let w be z(5). What is the greatest common divisor of j and w?
6
Suppose -3*n + 600 = 17*n. Calculate the highest common divisor of 40 and n.
10
Let z = -10 - -12. Let n be 2*(150/(-8))/(-3)*z. Let o be 10/3*(-330)/(-4). Calculate the greatest common factor of o and n.
25
Suppose -23 = -g + 3*k, g - 2 = -g - 5*k. Let v be (0/4 + 3 - -16) + 3. What is the highest common divisor of v and g?
11
Let z be 0 - (3 + -3*11). Suppose -25 = 13*i - 18*i. What is the highest common divisor of z and i?
5
Let i be ((-10)/4)/(5/(-4)). Suppose l = -4*q + 31, -2 = -i*q - 6. What is the greatest common divisor of 312 and l?
39
Suppose 5 = 2*c - 1. Suppose 3*h - 12 = -h. What is the highest common divisor of h and c?
3
Let d(o) = 144*o**2 + 17*o + 16. Let b be d(-1). Calculate the highest common divisor of b and 33.
11
Let h(b) = 207*b - 231. Let j be h(3). Calculate the highest common divisor of 20 and j.
10
Let q = 450 - 245. Calculate the highest common factor of q and 82.
41
Let r(t) = -t**3 + 8*t - 3. Let o be r(-4). What is the highest common factor of o and 1?
1
Let y(m) = 3*m**3 + 48*m**2 + 43*m - 6. Let j be y(-15). Calculate the greatest common divisor of j and 24.
24
Suppose -2*s - 9 - 11 = 0. Let r = 13 + s. Let y(v) = 15*v - 3. Let m be y(2). Calculate the highest common factor of m and r.
3
Let z be -9*(60/(-18) - -1). What is the highest common divisor of z and 525?
21
Let d = 137 + 7. Suppose -113*g + 130*g - 267 - 39 = 0. What is the greatest common factor of g and d?
18
Suppose -8 = -6*q + 28. Suppose j + j = q. Suppose -3*t - j*m + 708 = 0, -3*t - m - 3*m + 712 = 0. Calculate the greatest common factor of t and 29.
29
Let n = 751 + -729. What is the highest common divisor of n and 209?
11
Let l(b) be the second derivative of b**3/6 + 5*b**2/2 - 11*b. Let z be l(-3). What is the highest common divisor of 5 and z?
1
Suppose -5*a - 4*n + 105 = -n, n = 4*a - 84. Suppose -v = -3*l + 7*l - 205, -4*v + 764 = 2*l. Calculate the highest common divisor of a and v.
21
Suppose -4*q + 5*q = -5*p + 76, 0 = -p - 5*q - 4. What is the highest common divisor of p and 40?
8
Suppose -33 = -k - 13. Suppose 380 = 4*n + 4*f, 3*n - 7*n + 5*f + 425 = 0. Calculate the highest common divisor of n and k.
20
Suppose -177*b = -168*b - 1197. What is the highest common factor of 7 and b?
7
Let t = -58 + -2. Let n = -53 - t. What is the greatest common divisor of n and 35?
7
Let o(n) = n**2 + 7*n - 7. Let b be o(5). Calculate the greatest common divisor of b and 371.
53
Let f = 63 - 21. Let x be (-112)/(-18) + (-1)/(18/4). Calculate the highest common divisor of f and x.
6
Let h be 55363/209 - 2/(-19). Calculate the greatest common divisor of 212 and h.
53
Let x be 21 + (5 + -3)/2. Suppose 3*h = 14 + x. Suppose -3*f + 3 = -9. Calculate the greatest common divisor of h and f.
4
Let r(u) = u**2 - 5*u. Let t be r(5). Suppose -2*p - l + 94 + 99 = t, 4*l + 218 = 2*p. What is the greatest common divisor of p and 11?
11
Let q(u) = 313*u**2 + 27*u + 59. Let x be q(-3). Calculate the highest common divisor of x and 13.
13
Let z(i) = -i**2 - 6*i + 423. Let k be z(0). What is the greatest common divisor of k and 9?
9
Let u be 170/3 + 4/3. What is the greatest common divisor of u and 1189?
29
Let t = 753 + -591. Calculate the greatest common divisor of 234 and t.
18
Let u = 1976 + -1947. Calculate the highest common divisor of 5 and u.
1
Let g be (61 + -1)*(-8)/(-16)*1. What is the greatest common factor of g and 6?
6
Suppose -3*d + 182 = -28. Suppose q + 2*o + 0 = 6, 5*q - 54 = 2*o. What is the highest common factor of q and d?
10
Let h = 4612 + -2502. What is the highest common divisor of h and 10?
10
Suppose -14 = -0*g - g. Suppose 0 = -v - 0*w - 4*w - 19, 2*v - 4*w = -14. Let p = v + g. Calculate the greatest common factor of 1 and p.
1
Let z be -6 + -2*(-1 - 1) + 5. Suppose -4*o = 4*j - z*o - 107, -3*j + 4*o + 104 = 0. What is the highest common divisor of j and 70?
14
Suppose -87 - 33 = -4*g. Let p(k) = -6*k + 13. Let o be p(7). Let d = g + o. What is the highest common factor of 7 and d?
1
Suppose -5*k = -3*h - 290, -4*k + 232 = h - 4*h. What is the highest common divisor of 87 and k?
29
Let r be 7*(4/(-1))/(-4). Let m be 1/r + 2672/112. Calculate the highest common divisor of 40 and m.
8
Let a be (-16)/(-3)*((-3990)/(-20) + -18). Calculate the highest common factor of a and 8.
8
Suppose -4*k + 12 = -k. Suppose p + p = -2*l + 44, 2*p = -k*l + 80. What is the highest common divisor of 45 and l?
9
Let h(q) = -2*q + 206. Let w be h(19). What is the highest common factor of w and 96?
24
Let u = 43 + -38. Let z be -28*(((-100)/16)/u + 0). Calculate the highest common factor of z and 5.
5
Let p(s) = s**2 - s - 1. Let g be p(-2). Suppose g*v - i = 7, v - 7 = 2*i + i. Let t be 101/4 + v/(-4). What is the greatest common factor of t and 5?
5
Suppose -4*x - 5 = 5*a - 4*a, -5 = 5*x + a. Let p be x*3/6 + -2. Let w be 9 + 3 + -2 - p. What is the highest common factor of w and 12?
12
Let c(d) = -d + 14. Let k be c(15). Let l = 10 + k. Let g = 15 + l. Calculate the highest common divisor of 8 and g.
8
Let s = -46 - -36. Let j(i) = i**3 + 9*i**2 - 9*i + 19. Let l be j(s). What is the highest common divisor of 1 and l?
1
Suppose 3*z + 4 = -2, -2*z = -3*w + 16. Suppose -2*u + 16 = 4*g, 4*u + w*g = 5*g + 23. Calculat